 = 377 + 235. List the prime factors of n.
2, 17
Let n = 13 - 8. Suppose 5 = n*s - 30. What are the prime factors of s?
7
Suppose 4*m = 3*m + 3. Let n(j) = -j + 5. Let f be n(-4). Suppose -m*s + f = -0. What are the prime factors of s?
3
Let z be (-20 + 2)/(11/44). What are the prime factors of (-1 + 6)*z/(-15)?
2, 3
Let u(n) = n**2 - 9*n - 26. What are the prime factors of u(21)?
2, 113
Let v(p) = -p**3 - 6*p**2 - 4*p + 6. Let y be v(-6). Let t = y + -15. List the prime factors of t.
3, 5
Suppose 233 + 1251 = 14*p. List the prime factors of p.
2, 53
Suppose 3 - 1 = 2*u - 4*y, 4*u = 4*y. Let l(t) = -18*t + 1. List the prime factors of l(u).
19
Suppose -1 = -2*z + 3*l + 1, 2 = z - 2*l. What are the prime factors of 4*15/6 - z?
2, 3
Let m(c) = 2 + 1 - 6*c**2 + c + c**3 - 5. Let z be m(6). Suppose -3*o + f + 11 = -z*f, -2*o - 2*f = -34. What are the prime factors of o?
2, 3
Suppose -2*u - 2 = -3*u. Suppose 98 = 5*n - u. List the prime factors of n/3 + (-4)/(-12).
7
Let k(n) = -219*n**3 + n**2 - n - 1. What are the prime factors of k(-1)?
2, 5, 11
Suppose -3*b + 568 = 94. What are the prime factors of b?
2, 79
Suppose -2*q - 166 = -5*a + 962, -5*a + 5*q = -1125. List the prime factors of a.
2, 113
Suppose -3*a = -0 + 3. Let d be 1/(1 - a - 3). List the prime factors of -2 + 9 + d*3.
2
Let z = 138 - -26. What are the prime factors of z?
2, 41
Let y = -1 - -7. Suppose 0 = -g + y*g - 70. List the prime factors of g.
2, 7
Let z = -391 - -571. List the prime factors of z.
2, 3, 5
Let m(g) = 2*g**3 - 3*g**2 + 2*g - 1. Let t be m(2). Suppose 2 = y - t. What are the prime factors of y?
3
Suppose j = t - 22, -4*j - 40 = -2*t - 0*j. What are the prime factors of t?
2, 3
Let s(j) = -3*j - 8. Let a be s(-6). Suppose -h - 4*h = -a. What are the prime factors of h?
2
Suppose 4*c - 102 = -5*p, -2*c = 3*p - 29 - 21. List the prime factors of c.
2, 7
Let a be 8/(-10)*30/(-4). Suppose -37*f = -33*f. Suppose -b + 3*b - a = f. List the prime factors of b.
3
Let x = 14 - 3. Suppose 5*g - 31 = -x. List the prime factors of 2/g - (-34)/4.
3
Let u(s) = s + 15. Let m(j) = 4*j + 60. Let q(p) = -2*m(p) + 9*u(p). List the prime factors of q(0).
3, 5
List the prime factors of ((-4)/(-6)*-11)/(14/(-147)).
7, 11
Let l(o) = o**3 - 6*o**2 + 4*o - 8. Suppose -2*t + 18 = t. What are the prime factors of l(t)?
2
Suppose c = -4*b + 11, 0 = -5*c + 2*c - 15. Suppose 3*l = b*j - 66, -6*j = -j + 2*l - 94. List the prime factors of j.
2, 3
Suppose 4*c - 280 = -0*h - 4*h, 4*c + 386 = 5*h. List the prime factors of h.
2, 37
Let t = -5 - -59. List the prime factors of t.
2, 3
Let c be 3/(-6)*24/(-2). Suppose 0 = -2*p + c*p - 52. List the prime factors of p.
13
Suppose 3*r + 8 = 2*r + 3*b, 0 = 2*r + 5*b - 28. Suppose 0 = r*i - i. Suppose -4*u + 8 = -i*u. What are the prime factors of u?
2
Suppose -2*v - q + 2 + 2 = 0, 3*v - 4*q = 28. Suppose -5*h + 3*h + v = 0. Suppose -h*x = -4*x + 8. List the prime factors of x.
2
Let c be (4/(-7))/((-2)/7). Suppose -m = 5*p - 2*m - 42, 5*m = c*p - 26. List the prime factors of p.
2
Let p(u) = -u**2 + 3*u + 2. Let v be p(2). Suppose v*d = 4*l, -7 = -5*d - l + 5. What are the prime factors of d/(-3) + (-132)/(-9)?
2, 7
Let g = -65 - -105. What are the prime factors of g?
2, 5
What are the prime factors of ((-77)/(-56)*4)/(1/14)?
7, 11
Let q = 11 + -3. Suppose -2*x + 4*h - 8 = 0, -4*x - q = -2*x - 5*h. Let w = x - -17. What are the prime factors of w?
13
Let a(c) = -3*c**2 + c + 2. Let p be a(2). Let k(d) = d**2 + 2 - 3 + 18*d + 20*d - 31*d. What are the prime factors of k(p)?
7
Suppose g = 2*g - 3. Suppose -2*m = 2*z - 20, -2*z - g*m - 20 = -4*z. List the prime factors of z.
2, 5
Let a be -1 - (2 + (196 - -1)). Let i be 6/4*a/(-6). Suppose 4*x = -x + i. List the prime factors of x.
2, 5
Suppose z - 8 = -2*g + g, 6 = 3*g - 3*z. List the prime factors of (6/g)/((-12)/(-40)).
2
Suppose -176 = -2*y - 2*y. Let g = 5 - 2. Suppose -g*t + y = t. List the prime factors of t.
11
Suppose -r - 118 = -2*k + 4*r, 0 = k + 3*r - 37. List the prime factors of k.
7
Suppose -4*t = 2 - 6. Let p(g) = 17*g**2 + 2*g - 1. What are the prime factors of p(t)?
2, 3
Let d = -36 + 67. Let o = d - 18. Suppose 2*k - o - 11 = 0. List the prime factors of k.
2, 3
Suppose 0 = -2*k + d - 156, -k - 71 = -0*k + 3*d. Let s = 127 + k. Suppose 0*i + s = 5*i. List the prime factors of i.
2, 5
Suppose 2*w = -23 - 79. Let q = -12 - w. What are the prime factors of q?
3, 13
Let j = 186 + 36. What are the prime factors of j?
2, 3, 37
Let c = 80 + 45. List the prime factors of c.
5
Let b be (-2)/7 - 46/(-14). Suppose 4*z = b*z + 17. What are the prime factors of z?
17
Let a = 137 - 93. List the prime factors of a.
2, 11
Let u be 3*((-4)/(-6))/(-1). List the prime factors of -1*3*10/u.
3, 5
Suppose 24 + 32 = 2*a. Let i be 5*(16/10 + -1). Suppose -2*h + 12 = i*y, -5*h + a = 4*y + 5. List the prime factors of h.
3
List the prime factors of 24/40 + (-1547)/(-5).
2, 5, 31
Let z = 283 - 148. List the prime factors of z.
3, 5
Suppose 0 = 3*k - 28 - 29. Suppose -k = -3*v + 2*u + 2*u, 0 = 5*v + 3*u - 22. What are the prime factors of v?
5
Let w = -6 - -4. Let x be 1 + w + 3 + 0. List the prime factors of (-1 - x)*24/(-9).
2
Suppose 162 = 5*p + 17. Suppose 3*f + 4*x - p = 15, 19 = f - 3*x. List the prime factors of f.
2
Let u(a) = 21*a - 6. What are the prime factors of u(3)?
3, 19
List the prime factors of -5 + -3 + 4 + 149.
5, 29
Suppose -3*p + 7*p = 208. Let r = p - 36. What are the prime factors of r?
2
Suppose 4*j = 2*q - 806, 4*j = -5*q + 2*j + 2075. What are the prime factors of q?
7, 59
Let p be ((-1)/(-2))/((-8)/(-128)). Suppose 4*f + 0*f - p = 0. List the prime factors of f.
2
Suppose 0 = -4*y + 4*i + 28 + 12, 5*i = -y - 8. Suppose 0 = -2*s - w - 26, -2*s - y = 5*w + 3. List the prime factors of 0 + s/(-6)*4.
2, 5
Let o be (3 - -6)/((-3)/(-4)). Let g(k) = -k**3 - 7*k**2 - 2*k - 9. Let n be g(-7). Let r = n + o. What are the prime factors of r?
17
Let a(k) = -20*k + 6. Let u(v) = 4*v - 1. Let p(q) = 2*a(q) + 11*u(q). List the prime factors of p(5).
3, 7
What are the prime factors of -2 - ((0 - 121) + -4)?
3, 41
Suppose 0 = -2*l + 3*l + 20. Let p = 39 + l. List the prime factors of p.
19
Suppose -4*k - 6 - 7 = -3*q, 5*q = -k + 14. Suppose 2*l + 5*p - 23 = 0, l + q*l - 4*p - 4 = 0. What are the prime factors of l?
2
Let z(u) = -u**2 - 18*u - 17. List the prime factors of z(-13).
2, 3
Let l = 25 - 10. List the prime factors of l.
3, 5
Suppose 0*k - 390 = -5*k. Suppose 2*n + n + k = 0. What are the prime factors of -2 - 2*n/4?
11
Let j(y) = 3*y - 1 - 6*y + 1 + 4 - 2*y**3 - 5*y**2. What are the prime factors of j(-3)?
2, 11
Let d(a) = -2*a + 6*a - 5*a - 6. Let b be d(-6). Suppose 4*v - 34 = -4*n + 3*v, b = -5*v - 10. List the prime factors of n.
3
Let i(w) = -w**3 + 6*w**2 + 2*w - 7. Let r be i(6). Let b = r - 5. Suppose 2*a = -b*a + 16. What are the prime factors of a?
2
What are the prime factors of (-5)/10 - (-2)/(-4) - -321?
2, 5
Let l be (-1)/2 - 212/(-8). Suppose i = -5*u + l, -2*i + 2*u - 6 = 2*i. Let p(f) = 4*f + 1. List the prime factors of p(i).
5
Suppose -4*f + 42 + 29 = 3*u, 20 = u + 5*f. What are the prime factors of u?
5
Let a(v) = 3*v - 1. Let o be a(7). Let d = 24 - o. What are the prime factors of d?
2
Suppose 0*y = -4*y - 12. What are the prime factors of y*(-1 - 22/6)?
2, 7
Let n(t) be the first derivative of 10*t**3/3 - 2. Let h(p) = p + 7. Let f be h(-6). List the prime factors of n(f).
2, 5
Suppose -4*r + 18 + 2 = 0, -r + 25 = 4*l. Suppose -c = 5*q - 4*q, -3*q - l*c + 10 = 0. Let f(x) = -3*x - 4. List the prime factors of f(q).
11
Suppose 0*m + 2*m + 30 = 0. Let g be (m/10)/((-6)/8). Let u(y) = 3*y**2 - 3*y + 3. What are the prime factors of u(g)?
3
Suppose 2*x + 1 = 3. Suppose -3 = -2*g + x. List the prime factors of g.
2
Suppose -5*p = -9*p. Let s = 11 - 7. Suppose -s*l + p*l + 16 = 0. List the prime factors of l.
2
Suppose -14 = -4*u - 5*f, 0*u + 2*u = -5*f + 12. Let o = u + 17. List the prime factors of o.
2, 3
Let h = 3 - 0. List the prime factors of ((-1)/h)/(1/(-21)).
7
Suppose 7 + 17 = 4*r. List the prime factors of r + 7/((-14)/(-4)).
2
Suppose -n = 2*c - 19, 0*n + 11 = c + n. Suppose c = 5*m - 2. Suppose m*j + 2 = -4*r, 4*j - 10 = -0*j - r. List the prime factors of j.
3
L